{"id":108,"date":"2014-10-20T11:34:43","date_gmt":"2014-10-20T09:34:43","guid":{"rendered":"http:\/\/adrianvogt.wordpress.com\/?page_id=108"},"modified":"2014-10-20T11:34:43","modified_gmt":"2014-10-20T09:34:43","slug":"kanada-2014","status":"publish","type":"page","link":"https:\/\/adivers.ch\/wordpress\/?page_id=108","title":{"rendered":"Kanada 2014"},"content":{"rendered":"<p>Mo, 12. &#8211; Sa, 31. Mai 2014<\/p>\n<h2>Vorbereitungen<\/h2>\n<p>Die erste grobe Planung hat ungef\u00e4hr ein Jahr vor der Reise begonnen, es mussten die Ferienm\u00f6glichkeiten von Chantal und Nicole abgestimmt werden.<\/p>\n<p>Wir planten eine Reise mit Flugzeug, nach M\u00f6glichkeit Direktflug nach Calgary. Dort ein Auto mieten f\u00fcr die ganze Dauer der Reise. Der Retourflug erfolgt auch wieder von Calgary aus.<\/p>\n<h2>Reise<\/h2>\n<p>Und hier kommt der entsprechende Text<\/p>\n<p>&nbsp;<\/p>\n<p>&nbsp;<\/p>\n<p>&nbsp;<\/p>\n<h2>Fahrt zu Nicole<\/h2>\n<p><a href=\"https:\/\/adrianvogt.files.wordpress.com\/2014\/10\/img_5517_a.jpg\"><img loading=\"lazy\" decoding=\"async\" class=\"alignnone size-medium wp-image-21\" src=\"https:\/\/adrianvogt.files.wordpress.com\/2014\/10\/img_5517_a.jpg?w=300\" alt=\"IMG_5517_A\" width=\"300\" height=\"224\" srcset=\"https:\/\/adivers.ch\/wordpress\/wp-content\/uploads\/2014\/10\/img_5517_a.jpg 1030w, https:\/\/adivers.ch\/wordpress\/wp-content\/uploads\/2014\/10\/img_5517_a-300x224.jpg 300w, https:\/\/adivers.ch\/wordpress\/wp-content\/uploads\/2014\/10\/img_5517_a-1024x767.jpg 1024w\" sizes=\"auto, (max-width: 300px) 100vw, 300px\" \/><\/a><\/p>\n<p>Unser erster B\u00e4r auf der Fahrt von Calgary nach Kimberley, BC.<\/p>\n<p>&nbsp;<\/p>\n<p><a href=\"https:\/\/adrianvogt.files.wordpress.com\/2014\/10\/img_5572-e1413635993879.jpg\"><img loading=\"lazy\" decoding=\"async\" class=\"alignnone size-medium wp-image-20\" src=\"https:\/\/adrianvogt.files.wordpress.com\/2014\/10\/img_5572-e1413635993879.jpg?w=300\" alt=\"IMG_5572_Ausschnitt\" width=\"300\" height=\"205\" srcset=\"https:\/\/adivers.ch\/wordpress\/wp-content\/uploads\/2014\/10\/img_5572-e1413635993879.jpg 2430w, https:\/\/adivers.ch\/wordpress\/wp-content\/uploads\/2014\/10\/img_5572-e1413635993879-300x205.jpg 300w, https:\/\/adivers.ch\/wordpress\/wp-content\/uploads\/2014\/10\/img_5572-e1413635993879-1024x701.jpg 1024w\" sizes=\"auto, (max-width: 300px) 100vw, 300px\" \/><\/a><\/p>\n<p>Auf der Fahrt durch die Rocky Mountains nach Kimberley.<\/p>\n<p>&nbsp;<\/p>\n<p>&nbsp;<\/p>\n<p>&nbsp;<\/p>\n<div id=\"attachment_25\" style=\"width: 310px\" class=\"wp-caption alignnone\"><a href=\"https:\/\/adrianvogt.files.wordpress.com\/2014\/10\/img_5606_chant_03101.jpg\"><img loading=\"lazy\" decoding=\"async\" aria-describedby=\"caption-attachment-25\" class=\"size-medium wp-image-25\" src=\"https:\/\/adrianvogt.files.wordpress.com\/2014\/10\/img_5606_chant_03101.jpg?w=300\" alt=\"heratbeet\" width=\"300\" height=\"168\" srcset=\"https:\/\/adivers.ch\/wordpress\/wp-content\/uploads\/2014\/10\/img_5606_chant_03101.jpg 960w, https:\/\/adivers.ch\/wordpress\/wp-content\/uploads\/2014\/10\/img_5606_chant_03101-300x168.jpg 300w\" sizes=\"auto, (max-width: 300px) 100vw, 300px\" \/><\/a><p id=\"caption-attachment-25\" class=\"wp-caption-text\">heartbeet Bistro<\/p><\/div>\n<p>Angekommen bei Nicole und Michel in Kimberley<\/p>\n<h2><\/h2>\n<h2>Reise mit Nicole und Michel in den West Kootenays<\/h2>\n<p>&nbsp;<\/p>\n<p>&nbsp;<\/p>\n<h2>R\u00fcckkehr<\/h2>\n<p>Auf der R\u00fcckfahrt von Jasper \u00fcber das f\u00fcr mich bzw uns entt\u00e4uschende Lake Louis &#8211; da f\u00e4hrt man in Richtung des Sees, sieht ihn bereits mal kurz, scheint malerisch zu sein. Dann verl\u00e4sst man den Wald und wird vom Koloss des Fairmont Chateaus erschlagen. Ein rund 10 st\u00f6ckiges Hotelungeheuer, dahinter ist dann der Lake Louis sichtbar &#8211; \u00fcber Banff nach Calgary. \u00dcbernachtung in Calgary, R\u00fcckflug am Morgen fr\u00fch. Angenehmer Flug, hat alles geklappt.<\/p>\n<p>&nbsp;<\/p>\n<p>&nbsp;<\/p>\n<p>&nbsp;<\/p>\n<p>&nbsp;<\/p>\n<p>&nbsp;<\/p>\n","protected":false},"excerpt":{"rendered":"<p>Mo, 12. &#8211; Sa, 31. Mai 2014 Vorbereitungen Die erste grobe Planung hat ungef\u00e4hr ein Jahr vor der Reise begonnen, es mussten die Ferienm\u00f6glichkeiten von Chantal und Nicole abgestimmt werden. Wir planten eine Reise mit Flugzeug, nach M\u00f6glichkeit Direktflug nach &hellip; <a href=\"https:\/\/adivers.ch\/wordpress\/?page_id=108\">Weiterlesen <span class=\"meta-nav\">&rarr;<\/span><\/a><\/p>\n","protected":false},"author":1,"featured_media":232,"parent":167,"menu_order":10,"comment_status":"closed","ping_status":"closed","template":"","meta":{"footnotes":""},"class_list":["post-108","page","type-page","status-publish","has-post-thumbnail","hentry"],"_links":{"self":[{"href":"https:\/\/adivers.ch\/wordpress\/index.php?rest_route=\/wp\/v2\/pages\/108","targetHints":{"allow":["GET"]}}],"collection":[{"href":"https:\/\/adivers.ch\/wordpress\/index.php?rest_route=\/wp\/v2\/pages"}],"about":[{"href":"https:\/\/adivers.ch\/wordpress\/index.php?rest_route=\/wp\/v2\/types\/page"}],"author":[{"embeddable":true,"href":"https:\/\/adivers.ch\/wordpress\/index.php?rest_route=\/wp\/v2\/users\/1"}],"replies":[{"embeddable":true,"href":"https:\/\/adivers.ch\/wordpress\/index.php?rest_route=%2Fwp%2Fv2%2Fcomments&post=108"}],"version-history":[{"count":0,"href":"https:\/\/adivers.ch\/wordpress\/index.php?rest_route=\/wp\/v2\/pages\/108\/revisions"}],"up":[{"embeddable":true,"href":"https:\/\/adivers.ch\/wordpress\/index.php?rest_route=\/wp\/v2\/pages\/167"}],"wp:featuredmedia":[{"embeddable":true,"href":"https:\/\/adivers.ch\/wordpress\/index.php?rest_route=\/wp\/v2\/media\/232"}],"wp:attachment":[{"href":"https:\/\/adivers.ch\/wordpress\/index.php?rest_route=%2Fwp%2Fv2%2Fmedia&parent=108"}],"curies":[{"name":"wp","href":"https:\/\/api.w.org\/{rel}","templated":true}]}}

<p>Mo, 12. &#8211; Sa, 31. Mai 2014</p>
<h2>Vorbereitungen</h2>
<p>Die erste grobe Planung hat ungefähr ein Jahr vor der Reise begonnen, es mussten die Ferienmöglichkeiten von Chantal und Nicole abgestimmt werden.</p>
<p>Wir planten eine Reise mit Flugzeug, nach Möglichkeit Direktflug nach Calgary. Dort ein Auto mieten für die ganze Dauer der Reise. Der Retourflug erfolgt auch wieder von Calgary aus.</p>
<h2>Reise</h2>
<p>Und hier kommt der entsprechende Text</p>
<p>&nbsp;</p>
<p>&nbsp;</p>
<p>&nbsp;</p>
<h2>Fahrt zu Nicole</h2>
<p><a href="https://adrianvogt.files.wordpress.com/2014/10/img_5517_a.jpg"><img loading="lazy" decoding="async" class="alignnone size-medium wp-image-21" src="https://adrianvogt.files.wordpress.com/2014/10/img_5517_a.jpg?w=300" alt="IMG_5517_A" width="300" height="224" srcset="https://adivers.ch/wordpress/wp-content/uploads/2014/10/img_5517_a.jpg 1030w, https://adivers.ch/wordpress/wp-content/uploads/2014/10/img_5517_a-300x224.jpg 300w, https://adivers.ch/wordpress/wp-content/uploads/2014/10/img_5517_a-1024x767.jpg 1024w" sizes="auto, (max-width: 300px) 100vw, 300px" /></a></p>
<p>Unser erster Bär auf der Fahrt von Calgary nach Kimberley, BC.</p>
<p>&nbsp;</p>
<p><a href="https://adrianvogt.files.wordpress.com/2014/10/img_5572-e1413635993879.jpg"><img loading="lazy" decoding="async" class="alignnone size-medium wp-image-20" src="https://adrianvogt.files.wordpress.com/2014/10/img_5572-e1413635993879.jpg?w=300" alt="IMG_5572_Ausschnitt" width="300" height="205" srcset="https://adivers.ch/wordpress/wp-content/uploads/2014/10/img_5572-e1413635993879.jpg 2430w, https://adivers.ch/wordpress/wp-content/uploads/2014/10/img_5572-e1413635993879-300x205.jpg 300w, https://adivers.ch/wordpress/wp-content/uploads/2014/10/img_5572-e1413635993879-1024x701.jpg 1024w" sizes="auto, (max-width: 300px) 100vw, 300px" /></a></p>
<p>Auf der Fahrt durch die Rocky Mountains nach Kimberley.</p>
<p>&nbsp;</p>
<p>&nbsp;</p>
<p>&nbsp;</p>
<div id="attachment_25" style="width: 310px" class="wp-caption alignnone"><a href="https://adrianvogt.files.wordpress.com/2014/10/img_5606_chant_03101.jpg"><img loading="lazy" decoding="async" aria-describedby="caption-attachment-25" class="size-medium wp-image-25" src="https://adrianvogt.files.wordpress.com/2014/10/img_5606_chant_03101.jpg?w=300" alt="heratbeet" width="300" height="168" srcset="https://adivers.ch/wordpress/wp-content/uploads/2014/10/img_5606_chant_03101.jpg 960w, https://adivers.ch/wordpress/wp-content/uploads/2014/10/img_5606_chant_03101-300x168.jpg 300w" sizes="auto, (max-width: 300px) 100vw, 300px" /></a><p id="caption-attachment-25" class="wp-caption-text">heartbeet Bistro</p></div>
<p>Angekommen bei Nicole und Michel in Kimberley</p>
<h2></h2>
<h2>Reise mit Nicole und Michel in den West Kootenays</h2>
<p>&nbsp;</p>
<p>&nbsp;</p>
<h2>Rückkehr</h2>
<p>Auf der Rückfahrt von Jasper über das für mich bzw uns enttäuschende Lake Louis &#8211; da fährt man in Richtung des Sees, sieht ihn bereits mal kurz, scheint malerisch zu sein. Dann verlässt man den Wald und wird vom Koloss des Fairmont Chateaus erschlagen. Ein rund 10 stöckiges Hotelungeheuer, dahinter ist dann der Lake Louis sichtbar &#8211; über Banff nach Calgary. Übernachtung in Calgary, Rückflug am Morgen früh. Angenehmer Flug, hat alles geklappt.</p>
<p>&nbsp;</p>
<p>&nbsp;</p>
<p>&nbsp;</p>
<p>&nbsp;</p>
<p>&nbsp;</p>

<p>Mo, 12. &#8211; Sa, 31. Mai 2014 Vorbereitungen Die erste grobe Planung hat ungefähr ein Jahr vor der Reise begonnen, es mussten die Ferienmöglichkeiten von Chantal und Nicole abgestimmt werden. Wir planten eine Reise mit Flugzeug, nach Möglichkeit Direktflug nach &hellip; <a href="https://adivers.ch/wordpress/?page_id=108">Weiterlesen <span class="meta-nav">&rarr;</span></a></p>
